the highest common divisor of 637 and 1914822?
637
What is the highest common factor of 374538 and 12?
6
Calculate the greatest common factor of 3723 and 47736.
51
What is the greatest common factor of 1152 and 22080?
192
Calculate the highest common divisor of 856 and 25252.
428
Calculate the highest common divisor of 966 and 7682.
46
Calculate the highest common factor of 124 and 866233.
31
What is the greatest common divisor of 5103 and 108?
27
What is the greatest common factor of 212 and 9430396?
212
Calculate the highest common divisor of 18 and 9878832.
18
What is the greatest common divisor of 602 and 11532514?
602
What is the highest common factor of 83801 and 141?
47
Calculate the greatest common factor of 3124 and 1012.
44
Calculate the highest common divisor of 330 and 804210.
330
Calculate the highest common factor of 2868559 and 89.
89
What is the greatest common factor of 10 and 164080?
10
What is the highest common factor of 179286 and 6?
6
Calculate the greatest common divisor of 5940 and 82060.
220
What is the greatest common factor of 4293 and 2067?
159
What is the greatest common divisor of 256 and 358016?
128
Calculate the highest common divisor of 20473 and 118.
59
What is the highest common factor of 90 and 28998?
18
What is the highest common factor of 3960 and 42856?
88
Calculate the highest common divisor of 4 and 9934.
2
Calculate the greatest common factor of 2432 and 1368.
152
Calculate the greatest common factor of 25158 and 756.
42
What is the greatest common divisor of 4312 and 66934?
98
Calculate the greatest common divisor of 1490 and 3610.
10
What is the greatest common divisor of 180 and 6453?
9
What is the highest common factor of 917 and 389594?
131
What is the greatest common factor of 68370 and 2666?
86
What is the highest common factor of 24 and 760?
8
What is the greatest common factor of 53534 and 284?
142
What is the highest common divisor of 2996 and 6034?
14
Calculate the highest common factor of 14267 and 77.
11
What is the highest common factor of 3283 and 245?
49
Calculate the greatest common divisor of 2450742 and 126.
42
Calculate the greatest common factor of 576 and 3165408.
288
What is the highest common divisor of 19053 and 15399?
261
What is the highest common factor of 582635 and 475?
95
Calculate the highest common divisor of 2 and 881042.
2
What is the greatest common divisor of 3 and 87?
3
What is the greatest common divisor of 79 and 34997?
79
Calculate the highest common factor of 6903 and 3861.
117
What is the greatest common factor of 7553 and 7138?
83
What is the greatest common factor of 92 and 50508?
92
Calculate the highest common factor of 1548 and 6408.
36
Calculate the greatest common divisor of 23 and 123763.
23
Calculate the highest common divisor of 2256 and 144.
48
What is the greatest common divisor of 242 and 18931?
11
What is the greatest common factor of 1722 and 8106?
42
Calculate the greatest common divisor of 178185 and 315.
105
Calculate the greatest common factor of 84971 and 124.
31
Calculate the highest common factor of 3697606 and 22.
22
Calculate the highest common divisor of 1565070 and 234.
78
Calculate the greatest common factor of 253 and 957352.
253
What is the greatest common factor of 48 and 112368?
48
What is the greatest common factor of 6974 and 30?
2
Calculate the highest common factor of 211505 and 455.
35
Calculate the greatest common factor of 286950 and 2400.
150
Calculate the greatest common factor of 78 and 1560.
78
What is the highest common divisor of 11378943 and 18?
9
Calculate the greatest common factor of 189665 and 35.
35
Calculate the highest common factor of 3286 and 11130.
106
Calculate the highest common divisor of 1078 and 12838.
98
What is the highest common divisor of 2555 and 71029?
511
Calculate the greatest common factor of 154875 and 354.
177
Calculate the highest common factor of 36594 and 428.
214
Calculate the greatest common factor of 116209 and 869.
79
Calculate the highest common divisor of 163352 and 6.
2
What is the greatest common divisor of 254 and 431546?
254
What is the greatest common divisor of 8202601 and 1507?
1507
Calculate the highest common factor of 68 and 31042.
34
Calculate the greatest common factor of 63495 and 540.
45
What is the greatest common divisor of 10576 and 464?
16
Calculate the greatest common factor of 7735 and 533120.
595
Calculate the highest common factor of 95526 and 976.
122
What is the greatest common factor of 676952 and 592?
296
Calculate the highest common divisor of 470883 and 3689.
119
Calculate the greatest common divisor of 12125 and 37830.
485
What is the highest common factor of 1309 and 2261?
119
Calculate the highest common divisor of 6797 and 343.
7
Calculate the greatest common factor of 959998 and 52.
26
Calculate the greatest common factor of 115 and 564696.
23
Calculate the greatest common factor of 1511160 and 8.
8
What is the greatest common factor of 441 and 5229?
63
Calculate the greatest common divisor of 276 and 52302.
138
What is the greatest common factor of 2774 and 1900?
38
What is the highest common factor of 10127 and 2223?
247
Calculate the greatest common divisor of 19567 and 17.
17
What is the greatest common divisor of 443599 and 13?
13
What is the highest common divisor of 2244 and 1452?
132
What is the greatest common factor of 132679 and 1?
1
What is the highest common divisor of 22062 and 144?
6
What is the greatest common divisor of 43555 and 4805?
155
What is the highest common factor of 2490130 and 860?
430
What is the highest common factor of 1602 and 58562?
178
Calculate the greatest common factor of 282 and 1230.
6
Calculate the greatest common factor of 76 and 3704.
4
What is the greatest common factor of 105 and 525455?
35
What is the greatest common divisor of 102 and 27795?
51
What is the greatest common divisor of 352 and 1804?
44
What is the greatest common factor of 1328823 and 45?
9
What is the greatest common factor of 140568 and 24?
24
What is the greatest common divisor of 8084 and 1118?
86
Calculate the highest common factor of 1105656 and 138.
138
What is the highest common factor of 3 and 135852?
3
What is the greatest common divisor of 7580 and 1000?
20
Calculate the greatest common factor of 1491 and 279030.
213
What is the greatest common factor of 789602 and 1254?
418
Calculate the highest common divisor of 129234 and 2856.
714
Calculate the highest common factor of 162 and 1902.
6
Calculate the greatest common factor of 322 and 2954.
14
Calculate the highest common factor of 167640 and 2520.
120
Calculate the highest common factor of 50706 and 432.
54
What is the highest common divisor of 65 and 51665?
5
What is the greatest common factor of 1255 and 757769?
251
What is the highest common divisor of 20876568 and 12?
12
Calculate the highest common divisor of 783 and 1837962.
261
Calculate the highest common divisor of 52 and 572962.
26
Calculate the highest common factor of 636 and 2307.
3
What is the highest common divisor of 112 and 1072?
16
What is the highest common divisor of 3869 and 949?
73
Calculate the greatest common factor of 17283 and 7245.
21
Calculate the highest common divisor of 29087 and 27081.
1003
Calculate the highest common factor of 22603 and 2.
1
Calculate the greatest common factor of 1035 and 6440.
115
Calculate the highest common factor of 88 and 1021339.
11
What is the greatest common factor of 194792 and 130?
26
Calculate the highest common factor of 11385 and 33741.
207
Calculate the highest common divisor of 9270 and 585.
45
Calculate the highest common divisor of 4 and 12602.
2
Calculate the highest common factor of 102624 and 120.
24
Calculate the greatest common divisor of 189 and 377055.
189
Calculate the greatest common divisor of 107 and 41.
1
Calculate the highest common divisor of 830 and 27.
1
What is the greatest common divisor of 1198252 and 110?
22
Calculate the greatest common divisor of 1020 and 48.
12
Calculate the highest common divisor of 9776 and 80.
16
What is the greatest common divisor of 2541956 and 236?
236
Calculate the highest common divisor of 325565 and 69.
23
What is the greatest common factor of 143201 and 178?
89
What is the highest common factor of 18125 an